{"id":3188,"date":"2023-12-15T09:02:44","date_gmt":"2023-12-15T13:02:44","guid":{"rendered":"https:\/\/zenitx.com\/sc\/?post_type=docs&#038;p=3188"},"modified":"2023-12-15T09:02:46","modified_gmt":"2023-12-15T13:02:46","password":"","slug":"imagenes-de-fondo-pantalla-principal","status":"publish","type":"docs","link":"https:\/\/zenitx.com\/sc\/know\/imagenes-de-fondo-pantalla-principal\/","title":{"rendered":"Im\u00e1genes de fondo pantalla principal"},"content":{"rendered":"\n<p>En el mismo m\u00f3dulo \u2018UI &#8211; Interfaz de Usuario\u2019, al hacer clic sobre la imagen o espacio de \u2018Fondo General\u2019 en la secci\u00f3n de Atributos de Im\u00e1genes, accede a la tabla de Archivos Externos donde puede elegir el que desee o agregar o modificar alguno para luego seleccionarlo de la lista. Si desea quitar uno, solo elija borrar.<\/p>\n\n\n\n<p>Usualmente estas im\u00e1genes se guardan en la carpeta \u2018image\/main\/\u2019 de la carpeta de la empresa, en cada estaci\u00f3n de trabajo, para que est\u00e9n disponibles localmente y para que el usuario pueda personalizar si la empresa lo permite. Tambi\u00e9n, del modo usual, se pueden guardar en la red.<\/p>\n","protected":false},"excerpt":{"rendered":"<p>En el mismo m\u00f3dulo \u2018UI &#8211; Interfaz de Usuario\u2019, al hacer clic sobre la imagen o espacio de \u2018Fondo General\u2019 en la secci\u00f3n de Atributos de Im\u00e1genes, accede a la tabla de Archivos Externos donde puede elegir el que desee o agregar o modificar alguno para luego seleccionarlo de la lista. Si desea quitar uno, [&hellip;]<\/p>\n","protected":false},"author":17,"featured_media":0,"comment_status":"closed","ping_status":"closed","template":"","meta":{"footnotes":""},"doc_category":[159],"doc_tag":[],"class_list":["post-3188","docs","type-docs","status-publish","hentry","doc_category-archivos-externos-y-gestor-documental"],"year_month":"2026-05","word_count":113,"total_views":0,"reactions":{"happy":0,"normal":0,"sad":0},"author_info":{"name":"Practicante","author_nicename":"practicante","author_url":"https:\/\/zenitx.com\/sc\/author\/practicante\/"},"doc_category_info":[{"term_name":"Archivos Externos y Gestor Documental","term_url":"https:\/\/zenitx.com\/sc\/categoria\/archivos-externos-y-gestor-documental\/"}],"doc_tag_info":[],"yoast_head":"<!-- This site is optimized with the Yoast SEO plugin v24.6 - https:\/\/yoast.com\/wordpress\/plugins\/seo\/ -->\n<title>Im\u00e1genes de fondo pantalla principal - Zenitx Inform\u00e1tica<\/title>\n<meta name=\"robots\" content=\"index, follow, max-snippet:-1, max-image-preview:large, max-video-preview:-1\" \/>\n<link rel=\"canonical\" href=\"https:\/\/zenitx.com\/sc\/know\/imagenes-de-fondo-pantalla-principal\/\" \/>\n<meta property=\"og:locale\" content=\"es_ES\" \/>\n<meta property=\"og:type\" content=\"article\" \/>\n<meta property=\"og:title\" content=\"Im\u00e1genes de fondo pantalla principal - Zenitx Inform\u00e1tica\" \/>\n<meta property=\"og:description\" content=\"En el mismo m\u00f3dulo \u2018UI &#8211; Interfaz de Usuario\u2019, al hacer clic sobre la imagen o espacio de \u2018Fondo General\u2019 en la secci\u00f3n de Atributos de Im\u00e1genes, accede a la tabla de Archivos Externos donde puede elegir el que desee o agregar o modificar alguno para luego seleccionarlo de la lista. Si desea quitar uno, [&hellip;]\" \/>\n<meta property=\"og:url\" content=\"https:\/\/zenitx.com\/sc\/know\/imagenes-de-fondo-pantalla-principal\/\" \/>\n<meta property=\"og:site_name\" content=\"Zenitx Inform\u00e1tica\" \/>\n<meta property=\"article:modified_time\" content=\"2023-12-15T13:02:46+00:00\" \/>\n<script type=\"application\/ld+json\" class=\"yoast-schema-graph\">{\"@context\":\"https:\/\/schema.org\",\"@graph\":[{\"@type\":\"WebPage\",\"@id\":\"https:\/\/zenitx.com\/sc\/know\/imagenes-de-fondo-pantalla-principal\/\",\"url\":\"https:\/\/zenitx.com\/sc\/know\/imagenes-de-fondo-pantalla-principal\/\",\"name\":\"Im\u00e1genes de fondo pantalla principal - Zenitx Inform\u00e1tica\",\"isPartOf\":{\"@id\":\"https:\/\/zenitx.com\/sc\/#website\"},\"datePublished\":\"2023-12-15T13:02:44+00:00\",\"dateModified\":\"2023-12-15T13:02:46+00:00\",\"breadcrumb\":{\"@id\":\"https:\/\/zenitx.com\/sc\/know\/imagenes-de-fondo-pantalla-principal\/#breadcrumb\"},\"inLanguage\":\"es\",\"potentialAction\":[{\"@type\":\"ReadAction\",\"target\":[\"https:\/\/zenitx.com\/sc\/know\/imagenes-de-fondo-pantalla-principal\/\"]}]},{\"@type\":\"BreadcrumbList\",\"@id\":\"https:\/\/zenitx.com\/sc\/know\/imagenes-de-fondo-pantalla-principal\/#breadcrumb\",\"itemListElement\":[{\"@type\":\"ListItem\",\"position\":1,\"name\":\"Portada\",\"item\":\"https:\/\/zenitx.com\/sc\/\"},{\"@type\":\"ListItem\",\"position\":2,\"name\":\"Manuales\",\"item\":\"https:\/\/zenitx.com\/sc\/know\/\"},{\"@type\":\"ListItem\",\"position\":3,\"name\":\"Im\u00e1genes de fondo pantalla principal\"}]},{\"@type\":\"WebSite\",\"@id\":\"https:\/\/zenitx.com\/sc\/#website\",\"url\":\"https:\/\/zenitx.com\/sc\/\",\"name\":\"Zenitx Inform\u00e1tica\",\"description\":\"Servicio al Cliente\",\"publisher\":{\"@id\":\"https:\/\/zenitx.com\/sc\/#organization\"},\"potentialAction\":[{\"@type\":\"SearchAction\",\"target\":{\"@type\":\"EntryPoint\",\"urlTemplate\":\"https:\/\/zenitx.com\/sc\/?s={search_term_string}\"},\"query-input\":{\"@type\":\"PropertyValueSpecification\",\"valueRequired\":true,\"valueName\":\"search_term_string\"}}],\"inLanguage\":\"es\"},{\"@type\":\"Organization\",\"@id\":\"https:\/\/zenitx.com\/sc\/#organization\",\"name\":\"Zenitx Inform\u00e1tica\",\"url\":\"https:\/\/zenitx.com\/sc\/\",\"logo\":{\"@type\":\"ImageObject\",\"inLanguage\":\"es\",\"@id\":\"https:\/\/zenitx.com\/sc\/#\/schema\/logo\/image\/\",\"url\":\"https:\/\/zenitx.com\/sc\/wp-content\/uploads\/2020\/09\/Logo-Zenitx-SC.svg\",\"contentUrl\":\"https:\/\/zenitx.com\/sc\/wp-content\/uploads\/2020\/09\/Logo-Zenitx-SC.svg\",\"width\":330,\"height\":139,\"caption\":\"Zenitx Inform\u00e1tica\"},\"image\":{\"@id\":\"https:\/\/zenitx.com\/sc\/#\/schema\/logo\/image\/\"}}]}<\/script>\n<!-- \/ Yoast SEO plugin. -->","yoast_head_json":{"title":"Im\u00e1genes de fondo pantalla principal - Zenitx Inform\u00e1tica","robots":{"index":"index","follow":"follow","max-snippet":"max-snippet:-1","max-image-preview":"max-image-preview:large","max-video-preview":"max-video-preview:-1"},"canonical":"https:\/\/zenitx.com\/sc\/know\/imagenes-de-fondo-pantalla-principal\/","og_locale":"es_ES","og_type":"article","og_title":"Im\u00e1genes de fondo pantalla principal - Zenitx Inform\u00e1tica","og_description":"En el mismo m\u00f3dulo \u2018UI &#8211; Interfaz de Usuario\u2019, al hacer clic sobre la imagen o espacio de \u2018Fondo General\u2019 en la secci\u00f3n de Atributos de Im\u00e1genes, accede a la tabla de Archivos Externos donde puede elegir el que desee o agregar o modificar alguno para luego seleccionarlo de la lista. Si desea quitar uno, [&hellip;]","og_url":"https:\/\/zenitx.com\/sc\/know\/imagenes-de-fondo-pantalla-principal\/","og_site_name":"Zenitx Inform\u00e1tica","article_modified_time":"2023-12-15T13:02:46+00:00","schema":{"@context":"https:\/\/schema.org","@graph":[{"@type":"WebPage","@id":"https:\/\/zenitx.com\/sc\/know\/imagenes-de-fondo-pantalla-principal\/","url":"https:\/\/zenitx.com\/sc\/know\/imagenes-de-fondo-pantalla-principal\/","name":"Im\u00e1genes de fondo pantalla principal - Zenitx Inform\u00e1tica","isPartOf":{"@id":"https:\/\/zenitx.com\/sc\/#website"},"datePublished":"2023-12-15T13:02:44+00:00","dateModified":"2023-12-15T13:02:46+00:00","breadcrumb":{"@id":"https:\/\/zenitx.com\/sc\/know\/imagenes-de-fondo-pantalla-principal\/#breadcrumb"},"inLanguage":"es","potentialAction":[{"@type":"ReadAction","target":["https:\/\/zenitx.com\/sc\/know\/imagenes-de-fondo-pantalla-principal\/"]}]},{"@type":"BreadcrumbList","@id":"https:\/\/zenitx.com\/sc\/know\/imagenes-de-fondo-pantalla-principal\/#breadcrumb","itemListElement":[{"@type":"ListItem","position":1,"name":"Portada","item":"https:\/\/zenitx.com\/sc\/"},{"@type":"ListItem","position":2,"name":"Manuales","item":"https:\/\/zenitx.com\/sc\/know\/"},{"@type":"ListItem","position":3,"name":"Im\u00e1genes de fondo pantalla principal"}]},{"@type":"WebSite","@id":"https:\/\/zenitx.com\/sc\/#website","url":"https:\/\/zenitx.com\/sc\/","name":"Zenitx Inform\u00e1tica","description":"Servicio al Cliente","publisher":{"@id":"https:\/\/zenitx.com\/sc\/#organization"},"potentialAction":[{"@type":"SearchAction","target":{"@type":"EntryPoint","urlTemplate":"https:\/\/zenitx.com\/sc\/?s={search_term_string}"},"query-input":{"@type":"PropertyValueSpecification","valueRequired":true,"valueName":"search_term_string"}}],"inLanguage":"es"},{"@type":"Organization","@id":"https:\/\/zenitx.com\/sc\/#organization","name":"Zenitx Inform\u00e1tica","url":"https:\/\/zenitx.com\/sc\/","logo":{"@type":"ImageObject","inLanguage":"es","@id":"https:\/\/zenitx.com\/sc\/#\/schema\/logo\/image\/","url":"https:\/\/zenitx.com\/sc\/wp-content\/uploads\/2020\/09\/Logo-Zenitx-SC.svg","contentUrl":"https:\/\/zenitx.com\/sc\/wp-content\/uploads\/2020\/09\/Logo-Zenitx-SC.svg","width":330,"height":139,"caption":"Zenitx Inform\u00e1tica"},"image":{"@id":"https:\/\/zenitx.com\/sc\/#\/schema\/logo\/image\/"}}]}},"_links":{"self":[{"href":"https:\/\/zenitx.com\/sc\/wp-json\/wp\/v2\/docs\/3188","targetHints":{"allow":["GET"]}}],"collection":[{"href":"https:\/\/zenitx.com\/sc\/wp-json\/wp\/v2\/docs"}],"about":[{"href":"https:\/\/zenitx.com\/sc\/wp-json\/wp\/v2\/types\/docs"}],"author":[{"embeddable":true,"href":"https:\/\/zenitx.com\/sc\/wp-json\/wp\/v2\/users\/17"}],"replies":[{"embeddable":true,"href":"https:\/\/zenitx.com\/sc\/wp-json\/wp\/v2\/comments?post=3188"}],"version-history":[{"count":1,"href":"https:\/\/zenitx.com\/sc\/wp-json\/wp\/v2\/docs\/3188\/revisions"}],"predecessor-version":[{"id":3189,"href":"https:\/\/zenitx.com\/sc\/wp-json\/wp\/v2\/docs\/3188\/revisions\/3189"}],"wp:attachment":[{"href":"https:\/\/zenitx.com\/sc\/wp-json\/wp\/v2\/media?parent=3188"}],"wp:term":[{"taxonomy":"doc_category","embeddable":true,"href":"https:\/\/zenitx.com\/sc\/wp-json\/wp\/v2\/doc_category?post=3188"},{"taxonomy":"doc_tag","embeddable":true,"href":"https:\/\/zenitx.com\/sc\/wp-json\/wp\/v2\/doc_tag?post=3188"}],"curies":[{"name":"wp","href":"https:\/\/api.w.org\/{rel}","templated":true}]}}

Imágenes de fondo pantalla principal

<p>En el mismo módulo ‘UI &#8211; Interfaz de Usuario’, al hacer clic sobre la imagen o espacio de ‘Fondo General’ en la sección de Atributos de Imágenes, accede a la tabla de Archivos Externos donde puede elegir el que desee o agregar o modificar alguno para luego seleccionarlo de la lista. Si desea quitar uno, solo elija borrar.</p>



<p>Usualmente estas imágenes se guardan en la carpeta ‘image/main/’ de la carpeta de la empresa, en cada estación de trabajo, para que estén disponibles localmente y para que el usuario pueda personalizar si la empresa lo permite. También, del modo usual, se pueden guardar en la red.</p>

<p>En el mismo módulo ‘UI &#8211; Interfaz de Usuario’, al hacer clic sobre la imagen o espacio de ‘Fondo General’ en la sección de Atributos de Imágenes, accede a la tabla de Archivos Externos donde puede elegir el que desee o agregar o modificar alguno para luego seleccionarlo de la lista. Si desea quitar uno, [&hellip;]</p>

<!-- This site is optimized with the Yoast SEO plugin v24.6 - https://yoast.com/wordpress/plugins/seo/ -->
<title>Imágenes de fondo pantalla principal - Zenitx Informática</title>
<meta name="robots" content="index, follow, max-snippet:-1, max-image-preview:large, max-video-preview:-1" />
<link rel="canonical" href="https://zenitx.com/sc/know/imagenes-de-fondo-pantalla-principal/" />
<meta property="og:locale" content="es_ES" />
<meta property="og:type" content="article" />
<meta property="og:title" content="Imágenes de fondo pantalla principal - Zenitx Informática" />
<meta property="og:description" content="En el mismo módulo ‘UI &#8211; Interfaz de Usuario’, al hacer clic sobre la imagen o espacio de ‘Fondo General’ en la sección de Atributos de Imágenes, accede a la tabla de Archivos Externos donde puede elegir el que desee o agregar o modificar alguno para luego seleccionarlo de la lista. Si desea quitar uno, [&hellip;]" />
<meta property="og:url" content="https://zenitx.com/sc/know/imagenes-de-fondo-pantalla-principal/" />
<meta property="og:site_name" content="Zenitx Informática" />
<meta property="article:modified_time" content="2023-12-15T13:02:46+00:00" />
<script type="application/ld+json" class="yoast-schema-graph">{"@context":"https://schema.org","@graph":[{"@type":"WebPage","@id":"https://zenitx.com/sc/know/imagenes-de-fondo-pantalla-principal/","url":"https://zenitx.com/sc/know/imagenes-de-fondo-pantalla-principal/","name":"Imágenes de fondo pantalla principal - Zenitx Informática","isPartOf":{"@id":"https://zenitx.com/sc/#website"},"datePublished":"2023-12-15T13:02:44+00:00","dateModified":"2023-12-15T13:02:46+00:00","breadcrumb":{"@id":"https://zenitx.com/sc/know/imagenes-de-fondo-pantalla-principal/#breadcrumb"},"inLanguage":"es","potentialAction":[{"@type":"ReadAction","target":["https://zenitx.com/sc/know/imagenes-de-fondo-pantalla-principal/"]}]},{"@type":"BreadcrumbList","@id":"https://zenitx.com/sc/know/imagenes-de-fondo-pantalla-principal/#breadcrumb","itemListElement":[{"@type":"ListItem","position":1,"name":"Portada","item":"https://zenitx.com/sc/"},{"@type":"ListItem","position":2,"name":"Manuales","item":"https://zenitx.com/sc/know/"},{"@type":"ListItem","position":3,"name":"Imágenes de fondo pantalla principal"}]},{"@type":"WebSite","@id":"https://zenitx.com/sc/#website","url":"https://zenitx.com/sc/","name":"Zenitx Informática","description":"Servicio al Cliente","publisher":{"@id":"https://zenitx.com/sc/#organization"},"potentialAction":[{"@type":"SearchAction","target":{"@type":"EntryPoint","urlTemplate":"https://zenitx.com/sc/?s={search_term_string}"},"query-input":{"@type":"PropertyValueSpecification","valueRequired":true,"valueName":"search_term_string"}}],"inLanguage":"es"},{"@type":"Organization","@id":"https://zenitx.com/sc/#organization","name":"Zenitx Informática","url":"https://zenitx.com/sc/","logo":{"@type":"ImageObject","inLanguage":"es","@id":"https://zenitx.com/sc/#/schema/logo/image/","url":"https://zenitx.com/sc/wp-content/uploads/2020/09/Logo-Zenitx-SC.svg","contentUrl":"https://zenitx.com/sc/wp-content/uploads/2020/09/Logo-Zenitx-SC.svg","width":330,"height":139,"caption":"Zenitx Informática"},"image":{"@id":"https://zenitx.com/sc/#/schema/logo/image/"}}]}</script>
<!-- / Yoast SEO plugin. -->

Imágenes de fondo pantalla principal - Zenitx Informática

En el mismo módulo ‘UI &#8211; Interfaz de Usuario’, al hacer clic sobre la imagen o espacio de ‘Fondo General’ en la sección de Atributos de Imágenes, accede a la tabla de Archivos Externos donde puede elegir el que desee o agregar o modificar alguno para luego seleccionarlo de la lista. Si desea quitar uno, [&hellip;]

Zenitx Informática
