{"id":3207,"date":"2023-12-15T09:32:58","date_gmt":"2023-12-15T13:32:58","guid":{"rendered":"https:\/\/zenitx.com\/sc\/?post_type=docs&#038;p=3207"},"modified":"2024-02-05T12:02:47","modified_gmt":"2024-02-05T16:02:47","password":"","slug":"resumen-gestor-de-etiquetas-y-publicidad","status":"publish","type":"docs","link":"https:\/\/zenitx.com\/sc\/know\/resumen-gestor-de-etiquetas-y-publicidad\/","title":{"rendered":"Resumen, Gestor de Etiquetas y Publicidad"},"content":{"rendered":"<div class=\"resumen-modulo\">\r\n    <div class=\"grid-arriba\">\r\n        <img decoding=\"async\" class=\"icono-modulo\" src=\"https:\/\/zenitx.com\/sc\/wp-content\/uploads\/2024\/02\/gestor-de-etiquetas-publicidad.png\">\r\n        <div>\r\n            <span data-role=\"documentation-title\"><\/span>\r\n            <p><b>Etiquetas y formularios con contenido din\u00e1mico<\/b><\/p>\r\n        <\/div>\r\n    <\/div>\r\n    \r\n    <div class=\"descripcion-modulo\">\r\n        <p>Gestor e impresor de etiquetas autoadhesivas, publicidad para adjuntar a los documentos y m\u00e1s. Ideal para publicidad personalizada, env\u00edo f\u00edsico de las cartas de cobranza y verificaci\u00f3n de estados de cuenta, etiquetas de productos con su c\u00f3digo de barras y m\u00e1s.<\/p>\n<p>Gran variedad de Dise\u00f1os, con las medidas y distribuci\u00f3n de sus elementos en la p\u00e1gina, para hojas sueltas o rollos. M\u00faltiples Contenidos, con sus componentes y datos o atributos de estos, que pueden incluir texto, c\u00f3digo de barras, imagen, l\u00ednea, caja y otros, con diferente fuentes y grados de giro.<\/p>\n<p>Integrado en el ERP puede activarse desde los navegadores, registros espec\u00edficos, informes visualizados y otras herramientas. En cada caso, adem\u00e1s de informaci\u00f3n est\u00e1tica, incluye en forma din\u00e1mica datos de los registros correspondientes.<\/p>\n\r\n    <\/div>\r\n    \r\n    <img decoding=\"async\" class=\"imagen-modulo\" src=\"https:\/\/zenitx.com\/sc\/wp-content\/uploads\/2023\/12\/image-343.png\">\r\n<\/div>\t\t<style>.resumen-modulo .icono-modulo {\n    width:75px;\n}\n\n.descripcion-modulo {\n    font-style: italic;\n}\n\n\n.resumen-modulo .grid-arriba {\n    margin-bottom:1rem;\n    display:grid;\n    grid-template-columns: 75px 1fr;\n    align-items: center;\n    gap:1rem;\n}\n\n.resumen-modulo .grid-arriba > div > :last-child {\n    margin-bottom:0;\n}\n\n.resumen-modulo .imagen-modulo {\n    margin-bottom:1rem;\n}<\/style>\n\t\t\n\n\n<ul class=\"wp-block-list\">\n<li>Herramienta para dise\u00f1ar etiquetas y publicidad personalizada y din\u00e1mica, por cliente, cliente-atenci\u00f3n espec\u00edfica, funcionarios, productos, cotizaciones, etc.<\/li>\n\n\n\n<li>Permite definir una gran variedad de Dise\u00f1os, con las medidas y distribuci\u00f3n de sus elementos en la p\u00e1gina; por ejemplo, las etiquetas autoadhesivas (el elemento) de 91 x 25.5 mm, con 2 columnas y 12 filas por p\u00e1gina; la etiqueta (el elemento) para impresora Zebra, de 67 x 35 mm en rollos; o los rollos de dos etiquetas verticales (elementos) de 50 x 73 mm en cada fila; ticket de identificaci\u00f3n, afiches publicitarios de una p\u00e1gina tama\u00f1o carta, etc.<\/li>\n\n\n\n<li>Permite definir m\u00faltiples Contenidos, cada uno con su nombre (que es su cabecera) da paso al navegador de sus componentes, donde el primero es la cabecera; cada componente permite edici\u00f3n y su registro incluye todos sus datos o atributos, tal como el tipo (texto, c\u00f3digo de barras, imagen, l\u00ednea, caja, otros), secuencia, fuente (nombre, tama\u00f1o, zoom, grosor y otros atributos), ajuste, grados de giro, posici\u00f3n vertical y horizontal (si se define solamente) y m\u00e1s dependiendo de su tipo.<\/li>\n\n\n\n<li>Los componentes del contenido que se refieren a textos, c\u00f3digos de barras e im\u00e1genes, pueden indicarse de diferentes formas, autocontenidos o referenciando alg\u00fan dato espec\u00edfico existente en la sesi\u00f3n actual.<\/li>\n\n\n\n<li>Los Dise\u00f1os se asocian a los Contenidos, desde el componente cabecera de este, para mantener la relaci\u00f3n en forma autom\u00e1tica. Los Contenidos se pueden asociar a tablas espec\u00edficas.<\/li>\n\n\n\n<li>Cada Dise\u00f1o se crean una sola vez, y desde ese momento se puede asociar a diferentes Contenidos que se basan en el mismo dise\u00f1o.<\/li>\n\n\n\n<li>Ciertas funciones dentro del sistema (como tipo de movimientos) se asocian a determinados Contenidos, que pueden ser publicitarios, por ejemplo.<\/li>\n\n\n\n<li>Con estas asociaciones, al ser llamado el gestor de etiquetas y publicidad desde alg\u00fan m\u00f3dulo, ingresa seleccionado el contenido deseado y por ende el dise\u00f1o asociado inmediatamente. Al llamarse desde un m\u00f3dulo del sistema, el gestor no permite edici\u00f3n de su informaci\u00f3n, para evitar errores.<\/li>\n\n\n\n<li>Tambi\u00e9n se puede ingresar al gestor en forma directa desde la ventana principal del sistema. En este caso permite edici\u00f3n de su informaci\u00f3n, para lo cual incluye el men\u00fa del contenido y el men\u00fa del dise\u00f1o. Los usuarios autorizados a crear, modificar o eliminar dise\u00f1os o contenidos, deben ingresar desde ac\u00e1 con el esquema de seguridad adecuado.<\/li>\n\n\n\n<li>Todas las medidas y posiciones se expresan en mil\u00edmetros con decimales, permitiendo gran exactitud. Los componentes del contenido se pueden incluir en la secuencia deseada en forma natural, o se pueden fijar en una determinada posici\u00f3n vertical y\/o horizontal dentro del elemento, seg\u00fan resulte m\u00e1s adecuado en cada caso. Cuando se trata de fuentes de letras, se expresan en puntos como es usual.<\/li>\n\n\n\n<li>Aunque los componentes de cada contenido pueden usar im\u00e1genes o textos est\u00e1ticos que se insertan en posiciones espec\u00edficas en el elemento del dise\u00f1o, pueden ser informaci\u00f3n din\u00e1mica, cambiante por ser propia de cada registro; tambi\u00e9n podr\u00eda depender de otra fuente o condici\u00f3n.<\/li>\n<\/ul>\n","protected":false},"excerpt":{"rendered":"","protected":false},"author":17,"featured_media":0,"comment_status":"closed","ping_status":"closed","template":"","meta":{"footnotes":""},"doc_category":[160],"doc_tag":[],"class_list":["post-3207","docs","type-docs","status-publish","hentry","doc_category-gestor-de-etiquetas-y-publicidad"],"year_month":"2026-05","word_count":529,"total_views":0,"reactions":{"happy":0,"normal":0,"sad":0},"author_info":{"name":"Practicante","author_nicename":"practicante","author_url":"https:\/\/zenitx.com\/sc\/author\/practicante\/"},"doc_category_info":[{"term_name":"Gestor de Etiquetas y Publicidad","term_url":"https:\/\/zenitx.com\/sc\/categoria\/gestor-de-etiquetas-y-publicidad\/"}],"doc_tag_info":[],"yoast_head":"<!-- This site is optimized with the Yoast SEO plugin v24.6 - https:\/\/yoast.com\/wordpress\/plugins\/seo\/ -->\n<title>Resumen, Gestor de Etiquetas y Publicidad - Zenitx Inform\u00e1tica<\/title>\n<meta name=\"robots\" content=\"index, follow, max-snippet:-1, max-image-preview:large, max-video-preview:-1\" \/>\n<link rel=\"canonical\" href=\"https:\/\/zenitx.com\/sc\/know\/resumen-gestor-de-etiquetas-y-publicidad\/\" \/>\n<meta property=\"og:locale\" content=\"es_ES\" \/>\n<meta property=\"og:type\" content=\"article\" \/>\n<meta property=\"og:title\" content=\"Resumen, Gestor de Etiquetas y Publicidad - Zenitx Inform\u00e1tica\" \/>\n<meta property=\"og:url\" content=\"https:\/\/zenitx.com\/sc\/know\/resumen-gestor-de-etiquetas-y-publicidad\/\" \/>\n<meta property=\"og:site_name\" content=\"Zenitx Inform\u00e1tica\" \/>\n<meta property=\"article:modified_time\" content=\"2024-02-05T16:02:47+00:00\" \/>\n<script type=\"application\/ld+json\" class=\"yoast-schema-graph\">{\"@context\":\"https:\/\/schema.org\",\"@graph\":[{\"@type\":\"WebPage\",\"@id\":\"https:\/\/zenitx.com\/sc\/know\/resumen-gestor-de-etiquetas-y-publicidad\/\",\"url\":\"https:\/\/zenitx.com\/sc\/know\/resumen-gestor-de-etiquetas-y-publicidad\/\",\"name\":\"Resumen, Gestor de Etiquetas y Publicidad - Zenitx Inform\u00e1tica\",\"isPartOf\":{\"@id\":\"https:\/\/zenitx.com\/sc\/#website\"},\"datePublished\":\"2023-12-15T13:32:58+00:00\",\"dateModified\":\"2024-02-05T16:02:47+00:00\",\"breadcrumb\":{\"@id\":\"https:\/\/zenitx.com\/sc\/know\/resumen-gestor-de-etiquetas-y-publicidad\/#breadcrumb\"},\"inLanguage\":\"es\",\"potentialAction\":[{\"@type\":\"ReadAction\",\"target\":[\"https:\/\/zenitx.com\/sc\/know\/resumen-gestor-de-etiquetas-y-publicidad\/\"]}]},{\"@type\":\"BreadcrumbList\",\"@id\":\"https:\/\/zenitx.com\/sc\/know\/resumen-gestor-de-etiquetas-y-publicidad\/#breadcrumb\",\"itemListElement\":[{\"@type\":\"ListItem\",\"position\":1,\"name\":\"Portada\",\"item\":\"https:\/\/zenitx.com\/sc\/\"},{\"@type\":\"ListItem\",\"position\":2,\"name\":\"Manuales\",\"item\":\"https:\/\/zenitx.com\/sc\/know\/\"},{\"@type\":\"ListItem\",\"position\":3,\"name\":\"Resumen, Gestor de Etiquetas y Publicidad\"}]},{\"@type\":\"WebSite\",\"@id\":\"https:\/\/zenitx.com\/sc\/#website\",\"url\":\"https:\/\/zenitx.com\/sc\/\",\"name\":\"Zenitx Inform\u00e1tica\",\"description\":\"Servicio al Cliente\",\"publisher\":{\"@id\":\"https:\/\/zenitx.com\/sc\/#organization\"},\"potentialAction\":[{\"@type\":\"SearchAction\",\"target\":{\"@type\":\"EntryPoint\",\"urlTemplate\":\"https:\/\/zenitx.com\/sc\/?s={search_term_string}\"},\"query-input\":{\"@type\":\"PropertyValueSpecification\",\"valueRequired\":true,\"valueName\":\"search_term_string\"}}],\"inLanguage\":\"es\"},{\"@type\":\"Organization\",\"@id\":\"https:\/\/zenitx.com\/sc\/#organization\",\"name\":\"Zenitx Inform\u00e1tica\",\"url\":\"https:\/\/zenitx.com\/sc\/\",\"logo\":{\"@type\":\"ImageObject\",\"inLanguage\":\"es\",\"@id\":\"https:\/\/zenitx.com\/sc\/#\/schema\/logo\/image\/\",\"url\":\"https:\/\/zenitx.com\/sc\/wp-content\/uploads\/2020\/09\/Logo-Zenitx-SC.svg\",\"contentUrl\":\"https:\/\/zenitx.com\/sc\/wp-content\/uploads\/2020\/09\/Logo-Zenitx-SC.svg\",\"width\":330,\"height\":139,\"caption\":\"Zenitx Inform\u00e1tica\"},\"image\":{\"@id\":\"https:\/\/zenitx.com\/sc\/#\/schema\/logo\/image\/\"}}]}<\/script>\n<!-- \/ Yoast SEO plugin. -->","yoast_head_json":{"title":"Resumen, Gestor de Etiquetas y Publicidad - Zenitx Inform\u00e1tica","robots":{"index":"index","follow":"follow","max-snippet":"max-snippet:-1","max-image-preview":"max-image-preview:large","max-video-preview":"max-video-preview:-1"},"canonical":"https:\/\/zenitx.com\/sc\/know\/resumen-gestor-de-etiquetas-y-publicidad\/","og_locale":"es_ES","og_type":"article","og_title":"Resumen, Gestor de Etiquetas y Publicidad - Zenitx Inform\u00e1tica","og_url":"https:\/\/zenitx.com\/sc\/know\/resumen-gestor-de-etiquetas-y-publicidad\/","og_site_name":"Zenitx Inform\u00e1tica","article_modified_time":"2024-02-05T16:02:47+00:00","schema":{"@context":"https:\/\/schema.org","@graph":[{"@type":"WebPage","@id":"https:\/\/zenitx.com\/sc\/know\/resumen-gestor-de-etiquetas-y-publicidad\/","url":"https:\/\/zenitx.com\/sc\/know\/resumen-gestor-de-etiquetas-y-publicidad\/","name":"Resumen, Gestor de Etiquetas y Publicidad - Zenitx Inform\u00e1tica","isPartOf":{"@id":"https:\/\/zenitx.com\/sc\/#website"},"datePublished":"2023-12-15T13:32:58+00:00","dateModified":"2024-02-05T16:02:47+00:00","breadcrumb":{"@id":"https:\/\/zenitx.com\/sc\/know\/resumen-gestor-de-etiquetas-y-publicidad\/#breadcrumb"},"inLanguage":"es","potentialAction":[{"@type":"ReadAction","target":["https:\/\/zenitx.com\/sc\/know\/resumen-gestor-de-etiquetas-y-publicidad\/"]}]},{"@type":"BreadcrumbList","@id":"https:\/\/zenitx.com\/sc\/know\/resumen-gestor-de-etiquetas-y-publicidad\/#breadcrumb","itemListElement":[{"@type":"ListItem","position":1,"name":"Portada","item":"https:\/\/zenitx.com\/sc\/"},{"@type":"ListItem","position":2,"name":"Manuales","item":"https:\/\/zenitx.com\/sc\/know\/"},{"@type":"ListItem","position":3,"name":"Resumen, Gestor de Etiquetas y Publicidad"}]},{"@type":"WebSite","@id":"https:\/\/zenitx.com\/sc\/#website","url":"https:\/\/zenitx.com\/sc\/","name":"Zenitx Inform\u00e1tica","description":"Servicio al Cliente","publisher":{"@id":"https:\/\/zenitx.com\/sc\/#organization"},"potentialAction":[{"@type":"SearchAction","target":{"@type":"EntryPoint","urlTemplate":"https:\/\/zenitx.com\/sc\/?s={search_term_string}"},"query-input":{"@type":"PropertyValueSpecification","valueRequired":true,"valueName":"search_term_string"}}],"inLanguage":"es"},{"@type":"Organization","@id":"https:\/\/zenitx.com\/sc\/#organization","name":"Zenitx Inform\u00e1tica","url":"https:\/\/zenitx.com\/sc\/","logo":{"@type":"ImageObject","inLanguage":"es","@id":"https:\/\/zenitx.com\/sc\/#\/schema\/logo\/image\/","url":"https:\/\/zenitx.com\/sc\/wp-content\/uploads\/2020\/09\/Logo-Zenitx-SC.svg","contentUrl":"https:\/\/zenitx.com\/sc\/wp-content\/uploads\/2020\/09\/Logo-Zenitx-SC.svg","width":330,"height":139,"caption":"Zenitx Inform\u00e1tica"},"image":{"@id":"https:\/\/zenitx.com\/sc\/#\/schema\/logo\/image\/"}}]}},"_links":{"self":[{"href":"https:\/\/zenitx.com\/sc\/wp-json\/wp\/v2\/docs\/3207","targetHints":{"allow":["GET"]}}],"collection":[{"href":"https:\/\/zenitx.com\/sc\/wp-json\/wp\/v2\/docs"}],"about":[{"href":"https:\/\/zenitx.com\/sc\/wp-json\/wp\/v2\/types\/docs"}],"author":[{"embeddable":true,"href":"https:\/\/zenitx.com\/sc\/wp-json\/wp\/v2\/users\/17"}],"replies":[{"embeddable":true,"href":"https:\/\/zenitx.com\/sc\/wp-json\/wp\/v2\/comments?post=3207"}],"version-history":[{"count":4,"href":"https:\/\/zenitx.com\/sc\/wp-json\/wp\/v2\/docs\/3207\/revisions"}],"predecessor-version":[{"id":4009,"href":"https:\/\/zenitx.com\/sc\/wp-json\/wp\/v2\/docs\/3207\/revisions\/4009"}],"wp:attachment":[{"href":"https:\/\/zenitx.com\/sc\/wp-json\/wp\/v2\/media?parent=3207"}],"wp:term":[{"taxonomy":"doc_category","embeddable":true,"href":"https:\/\/zenitx.com\/sc\/wp-json\/wp\/v2\/doc_category?post=3207"},{"taxonomy":"doc_tag","embeddable":true,"href":"https:\/\/zenitx.com\/sc\/wp-json\/wp\/v2\/doc_tag?post=3207"}],"curies":[{"name":"wp","href":"https:\/\/api.w.org\/{rel}","templated":true}]}}

<div class="resumen-modulo">
    <div class="grid-arriba">
        <img decoding="async" class="icono-modulo" src="https://zenitx.com/sc/wp-content/uploads/2024/02/gestor-de-etiquetas-publicidad.png">
        <div>
            <span data-role="documentation-title"></span>
            <p><b>Etiquetas y formularios con contenido dinámico</b></p>
        </div>
    </div>
    
    <div class="descripcion-modulo">
        <p>Gestor e impresor de etiquetas autoadhesivas, publicidad para adjuntar a los documentos y más. Ideal para publicidad personalizada, envío físico de las cartas de cobranza y verificación de estados de cuenta, etiquetas de productos con su código de barras y más.</p>
<p>Gran variedad de Diseños, con las medidas y distribución de sus elementos en la página, para hojas sueltas o rollos. Múltiples Contenidos, con sus componentes y datos o atributos de estos, que pueden incluir texto, código de barras, imagen, línea, caja y otros, con diferente fuentes y grados de giro.</p>
<p>Integrado en el ERP puede activarse desde los navegadores, registros específicos, informes visualizados y otras herramientas. En cada caso, además de información estática, incluye en forma dinámica datos de los registros correspondientes.</p>

    </div>
    
    <img decoding="async" class="imagen-modulo" src="https://zenitx.com/sc/wp-content/uploads/2023/12/image-343.png">
</div>		<style>.resumen-modulo .icono-modulo {
    width:75px;
}

.descripcion-modulo {
    font-style: italic;
}


.resumen-modulo .grid-arriba {
    margin-bottom:1rem;
    display:grid;
    grid-template-columns: 75px 1fr;
    align-items: center;
    gap:1rem;
}

.resumen-modulo .grid-arriba > div > :last-child {
    margin-bottom:0;
}

.resumen-modulo .imagen-modulo {
    margin-bottom:1rem;
}</style>
		


<ul class="wp-block-list">
<li>Herramienta para diseñar etiquetas y publicidad personalizada y dinámica, por cliente, cliente-atención específica, funcionarios, productos, cotizaciones, etc.</li>



<li>Permite definir una gran variedad de Diseños, con las medidas y distribución de sus elementos en la página; por ejemplo, las etiquetas autoadhesivas (el elemento) de 91 x 25.5 mm, con 2 columnas y 12 filas por página; la etiqueta (el elemento) para impresora Zebra, de 67 x 35 mm en rollos; o los rollos de dos etiquetas verticales (elementos) de 50 x 73 mm en cada fila; ticket de identificación, afiches publicitarios de una página tamaño carta, etc.</li>



<li>Permite definir múltiples Contenidos, cada uno con su nombre (que es su cabecera) da paso al navegador de sus componentes, donde el primero es la cabecera; cada componente permite edición y su registro incluye todos sus datos o atributos, tal como el tipo (texto, código de barras, imagen, línea, caja, otros), secuencia, fuente (nombre, tamaño, zoom, grosor y otros atributos), ajuste, grados de giro, posición vertical y horizontal (si se define solamente) y más dependiendo de su tipo.</li>



<li>Los componentes del contenido que se refieren a textos, códigos de barras e imágenes, pueden indicarse de diferentes formas, autocontenidos o referenciando algún dato específico existente en la sesión actual.</li>



<li>Los Diseños se asocian a los Contenidos, desde el componente cabecera de este, para mantener la relación en forma automática. Los Contenidos se pueden asociar a tablas específicas.</li>



<li>Cada Diseño se crean una sola vez, y desde ese momento se puede asociar a diferentes Contenidos que se basan en el mismo diseño.</li>



<li>Ciertas funciones dentro del sistema (como tipo de movimientos) se asocian a determinados Contenidos, que pueden ser publicitarios, por ejemplo.</li>



<li>Con estas asociaciones, al ser llamado el gestor de etiquetas y publicidad desde algún módulo, ingresa seleccionado el contenido deseado y por ende el diseño asociado inmediatamente. Al llamarse desde un módulo del sistema, el gestor no permite edición de su información, para evitar errores.</li>



<li>También se puede ingresar al gestor en forma directa desde la ventana principal del sistema. En este caso permite edición de su información, para lo cual incluye el menú del contenido y el menú del diseño. Los usuarios autorizados a crear, modificar o eliminar diseños o contenidos, deben ingresar desde acá con el esquema de seguridad adecuado.</li>



<li>Todas las medidas y posiciones se expresan en milímetros con decimales, permitiendo gran exactitud. Los componentes del contenido se pueden incluir en la secuencia deseada en forma natural, o se pueden fijar en una determinada posición vertical y/o horizontal dentro del elemento, según resulte más adecuado en cada caso. Cuando se trata de fuentes de letras, se expresan en puntos como es usual.</li>



<li>Aunque los componentes de cada contenido pueden usar imágenes o textos estáticos que se insertan en posiciones específicas en el elemento del diseño, pueden ser información dinámica, cambiante por ser propia de cada registro; también podría depender de otra fuente o condición.</li>
</ul>

<!-- This site is optimized with the Yoast SEO plugin v24.6 - https://yoast.com/wordpress/plugins/seo/ -->
<title>Resumen, Gestor de Etiquetas y Publicidad - Zenitx Informática</title>
<meta name="robots" content="index, follow, max-snippet:-1, max-image-preview:large, max-video-preview:-1" />
<link rel="canonical" href="https://zenitx.com/sc/know/resumen-gestor-de-etiquetas-y-publicidad/" />
<meta property="og:locale" content="es_ES" />
<meta property="og:type" content="article" />
<meta property="og:title" content="Resumen, Gestor de Etiquetas y Publicidad - Zenitx Informática" />
<meta property="og:url" content="https://zenitx.com/sc/know/resumen-gestor-de-etiquetas-y-publicidad/" />
<meta property="og:site_name" content="Zenitx Informática" />
<meta property="article:modified_time" content="2024-02-05T16:02:47+00:00" />
<script type="application/ld+json" class="yoast-schema-graph">{"@context":"https://schema.org","@graph":[{"@type":"WebPage","@id":"https://zenitx.com/sc/know/resumen-gestor-de-etiquetas-y-publicidad/","url":"https://zenitx.com/sc/know/resumen-gestor-de-etiquetas-y-publicidad/","name":"Resumen, Gestor de Etiquetas y Publicidad - Zenitx Informática","isPartOf":{"@id":"https://zenitx.com/sc/#website"},"datePublished":"2023-12-15T13:32:58+00:00","dateModified":"2024-02-05T16:02:47+00:00","breadcrumb":{"@id":"https://zenitx.com/sc/know/resumen-gestor-de-etiquetas-y-publicidad/#breadcrumb"},"inLanguage":"es","potentialAction":[{"@type":"ReadAction","target":["https://zenitx.com/sc/know/resumen-gestor-de-etiquetas-y-publicidad/"]}]},{"@type":"BreadcrumbList","@id":"https://zenitx.com/sc/know/resumen-gestor-de-etiquetas-y-publicidad/#breadcrumb","itemListElement":[{"@type":"ListItem","position":1,"name":"Portada","item":"https://zenitx.com/sc/"},{"@type":"ListItem","position":2,"name":"Manuales","item":"https://zenitx.com/sc/know/"},{"@type":"ListItem","position":3,"name":"Resumen, Gestor de Etiquetas y Publicidad"}]},{"@type":"WebSite","@id":"https://zenitx.com/sc/#website","url":"https://zenitx.com/sc/","name":"Zenitx Informática","description":"Servicio al Cliente","publisher":{"@id":"https://zenitx.com/sc/#organization"},"potentialAction":[{"@type":"SearchAction","target":{"@type":"EntryPoint","urlTemplate":"https://zenitx.com/sc/?s={search_term_string}"},"query-input":{"@type":"PropertyValueSpecification","valueRequired":true,"valueName":"search_term_string"}}],"inLanguage":"es"},{"@type":"Organization","@id":"https://zenitx.com/sc/#organization","name":"Zenitx Informática","url":"https://zenitx.com/sc/","logo":{"@type":"ImageObject","inLanguage":"es","@id":"https://zenitx.com/sc/#/schema/logo/image/","url":"https://zenitx.com/sc/wp-content/uploads/2020/09/Logo-Zenitx-SC.svg","contentUrl":"https://zenitx.com/sc/wp-content/uploads/2020/09/Logo-Zenitx-SC.svg","width":330,"height":139,"caption":"Zenitx Informática"},"image":{"@id":"https://zenitx.com/sc/#/schema/logo/image/"}}]}</script>
<!-- / Yoast SEO plugin. -->

Resumen, Gestor de Etiquetas y Publicidad - Zenitx Informática

Zenitx Informática
